 - (-32)/14. Let w(a) = -a**2 + a**2 - 4*a**2 - 4*a + 5*a**2. Give w(q).
-4
Suppose 2*b = 4 - 0. Let h = -12 - -32. Suppose b*d = -3*d - h. Let j(o) = o**2 + 3*o + 3. What is j(d)?
7
Suppose 13*c - 42 = 6*c. Let z(n) = -n**2 + 4*n - 1. Determine z(c).
-13
Let n(p) = p**3 + p**2 + p - 2. Let a be 0/((1 + -3)/(-2)). Calculate n(a).
-2
Suppose m = -5*n - 7, 0*n = -4*m + 5*n + 22. Suppose 0 = -3*r - 2*r + 20. Let x(t) = -2*t + 4*t - t - r + 2*t. Give x(m).
5
Let k(l) = -33*l**2 - 8*l + 5. Let w(z) = 8*z**2 + 2*z - 1. Let c(u) = -2*k(u) - 9*w(u). Let v be (4/(-6))/(4/6). What is c(v)?
-5
Let j(s) = -s - 3. Let v be j(-5). Let p = -2 - -5. Suppose p*y = -v*y - 10. Let g(x) = 2*x**3 + 2*x**2 - 2*x - 3. Determine g(y).
-7
Suppose 1 + 14 = 3*j. Suppose -1 = -4*x - j. Let r(c) = 3*c**2 + c + 1. Determine r(x).
3
Suppose 0 = -r + 5*t - 13, 0 = -r - 2*t + 6*t - 10. Let k(f) = 2*f**2 - 3*f + 3. What is k(r)?
5
Let j(v) = v**3 - 4*v**2 - v - 1. Let g = -9 - -12. Suppose 4*y + y - g*z - 8 = 0, 4*y - 5*z = -4. What is j(y)?
-5
Let x be (-368)/(-48) + 2/(-3). Let h(d) = -d**2 + 5*d + 10. What is h(x)?
-4
Let y(d) be the second derivative of d**5/20 + d**4/12 - d**3/6 - 9*d**2/2 + 16*d. Give y(0).
-9
Let t(a) be the first derivative of a**2/2 - a + 21. Calculate t(1).
0
Let s(d) = 5*d**2 + 5*d + 6. Let i(m) = 4*m**2 + 4*m + 5. Let k(c) = -7*i(c) + 6*s(c). Suppose 7 = -2*w + 3. Determine k(w).
5
Let z(r) = -r**2 - r + 1. Let a(i) = -i**2 - 5*i. Let m be a(-6). Let b(w) = 5*w**2 + 3 + 6*w - 11*w - 10*w**3 + 11*w**3. Let d be b(m). Determine z(d).
-5
Let m(h) = -h - 15. Let w be m(-9). Let g(y) = -y**2 - 5*y - 3. What is g(w)?
-9
Let n(w) = -20*w + 14. Let t(a) = 7*a - 5. Let x(m) = 6*n(m) + 17*t(m). Let z be 0 + (0 - 0) + 1. Give x(z).
-2
Let m(y) = 17*y**2 + 16*y**2 - 4 + y + 3 - 7*y**2. Determine m(1).
26
Let y be (-3)/(1 - (-10)/(-4)). Let l be (-4)/(-2 + y/2). Let s(g) = -2*g + 3. Calculate s(l).
-5
Let o be -7*-4*(-4)/56. Let s(k) = -7*k + 2. What is s(o)?
16
Let r(m) = m**2 - 2*m - 4. Suppose -25*z = -30*z + 25. Give r(z).
11
Let v(j) = j - 42 + 0*j + 37. Calculate v(-7).
-12
Suppose -a = 15 - 8. Let z = a + 12. Let o(v) = v**3 - v**2 + v - 1. Let i(k) = -5*k**3 + 2*k**2 - 12*k + 12. Let w(p) = i(p) + 6*o(p). Calculate w(z).
1
Let t = -3 + 3. Suppose 0 = 3*q - t*m + 2*m - 12, m - 9 = -3*q. Let p(c) = 3*c**2 - c - 7. Let k(a) = -2*a**2 + 6. Let h(d) = 5*k(d) + 4*p(d). Calculate h(q).
2
Suppose -3*l + 13 + 59 = 0. Let s be (-6)/l + (-1)/(-4). Let j(b) be the first derivative of b**3/3 - 5*b + 1. Determine j(s).
-5
Let w(z) be the second derivative of z**5/20 - z**4/3 + z**3/6 + z**2/2 - z. Suppose 0 = -2*y - y + 3. Let m be 5 + -3 + 2/y. Determine w(m).
5
Let d(w) = -4*w - 27. Let l be d(-5). Let u(y) = -y**3 - 6*y**2 + 3*y - 5. What is u(l)?
23
Let o = 10 - 8. Suppose -3*w + 2*w - o = 0. Let x(i) = 4*i - 2. Calculate x(w).
-10
Let t(w) be the second derivative of -w**7/840 + w**6/72 - w**5/40 - 5*w**4/24 + w**3/3 + 2*w. Let y(n) be the second derivative of t(n). Calculate y(4).
-1
Let x(g) = 3 - 2 + 2*g + 3*g + 0*g. Let z(u) = 4*u. Let l(v) = 5*x(v) - 6*z(v). Determine l(-3).
2
Let s(l) = -l**3 + 10*l**2 + l + 9. Let u(y) = y**3 - 11*y**2 - 10. Let t(x) = -6*s(x) - 5*u(x). Let z be (2 + (-24)/21)*7. Give t(z).
-4
Let w(y) be the second derivative of 1/20*y**5 + 2*y - 2/3*y**3 + 1/3*y**4 + 0 - y**2. Suppose 3*q + 20 = -q. What is w(q)?
-7
Let y(r) = r. Let h = -2 - 1. Let w be (4 + h - 0)/1. Suppose -3*m + 8 + w = 0. Determine y(m).
3
Let t be (-2)/(-6)*(13 - 13). Let f(x) = -x**3 - x**2. Calculate f(t).
0
Let v(o) = 10 - o - 29 + 15. What is v(-5)?
1
Let b(p) be the third derivative of p**7/2520 + p**6/360 - p**5/15 - p**2. Let c(o) be the third derivative of b(o). Give c(2).
6
Let c(d) = d**2 - d. Let w = 0 - -2. Let q be 7 - -1*(0 - w). Suppose -5*s + 0*m + 5 = -m, 0 = q*s + 4*m + 20. What is c(s)?
0
Let p = -6 - -13. Let y(a) = 5*a**2 + 7*a + 3. Let s(i) = -i**2. Let q(o) = 6*s(o) + y(o). Determine q(p).
3
Let o(j) = -j**2 + 8*j + 9. Let w(h) = -h**2 - 9*h + 9. Let b be w(-9). Calculate o(b).
0
Let g be 1/(1 - (-30)/(-27)). Let z be (-170)/(-45) + (-2)/g. Suppose -z*n - 28 + 4 = 0. Let f(c) = -c**2 - 7*c - 4. Determine f(n).
2
Let j(g) = -g**3 - 8*g**2 - 8*g - 2. Let x be j(-7). Let b(c) = -7 + 6*c + 3 + x. What is b(2)?
13
Suppose 0 = -3*k + 9, -5*u - 2*k - 13 - 71 = 0. Let j = 30 + -54. Let a be (-3)/2*j/u. Let d(b) = 5*b + 2. Calculate d(a).
-8
Let t = 3 + -3. Let v = t + 0. Let p(y) = 2*y + 2 - 2*y + y. Determine p(v).
2
Let q(h) be the second derivative of 1/3*h**3 - 1/4*h**4 + 0 + 1/20*h**5 + 3/2*h**2 + 7*h. Give q(3).
9
Let c(u) be the third derivative of u**6/120 - u**5/60 - u**4/12 + u**3/2 + 3*u**2. Let w = 3 - -4. Let l = 9 - w. Give c(l).
3
Let a(y) = -y**3 + 5*y**2 + 6*y - 7. Let m be (19 + -3)/4 + 2. Give a(m).
-7
Let d be (-1 - -1 - 1)*-4. Let i(b) = -1 - 3*b + d*b - 8*b. What is i(-1)?
6
Let g(z) = -1 + 44*z + 1 - 46*z + 1. Give g(-5).
11
Let q be 2 - (2/(-2) - 0). Suppose -q*x = -5*x - 10. Let o(t) = t + 6. Give o(x).
1
Suppose -2 - 2 = -o. Let t(m) = -m**3 + 3*m**2 + 3*m. Give t(o).
-4
Let y(w) = w**3 - 6*w**2 - 5*w + 3. Let l = 32 + -25. Determine y(l).
17
Let w be 6/14 + 102/7. Suppose 0*b + 5*b + w = 0. Let r = -4 - b. Let l(a) = -8*a - 1. What is l(r)?
7
Suppose 2*g - 6 = 3*a, -5*a - 5*g + g - 10 = 0. Let z be 1/((4/(-6))/a). Let s(y) = 3 - 2 - y**2 - 7 - y**z. Give s(0).
-6
Let y(b) be the second derivative of -b**4/12 + 3*b**3/2 + 2*b**2 + 14*b. Determine y(9).
4
Let x be 18/(-14) - 2/(-7). Let h(d) = -3*d**2 - 2*d - 3. Let g(m) = m**2 - m - 1. Let f(p) = 2*g(p) - h(p). Determine f(x).
6
Let i(p) = p**2 + 3*p. Suppose 0 = 5*r + 2*o - 24, 5*r - 16 = o + o. Let m = 7 - r. Suppose 7 = -m*a + j, -11 = -a + 5*j + 10. What is i(a)?
4
Let c(d) = d**3 - 5*d**2 + 5*d - 1. Let z(t) be the second derivative of -t**4/12 - 7*t**3/6 - t**2 + 9*t. Let a be z(-6). Calculate c(a).
3
Let u(n) = -n**2 + 3*n + 2. Let a = -4 + 9. Suppose -5*r - 5 = -5*g, a*g + 1 = -2*r + 34. Determine u(r).
-2
Let l(u) = u**2 + 7*u + 2. Suppose 3*v + 6 - 3 = 3*p, 0 = -v - 4*p - 11. Give l(v).
-10
Let u(b) = 4*b. Let i = 11 - 7. Suppose 0 = 2*r + 2*r + 20, -i*r = o + 19. Let h(s) = s - 1. Let f(x) = o*u(x) - 3*h(x). What is f(5)?
8
Let s(k) = 2 - 2 + k + 0. Calculate s(5).
5
Let f(h) be the third derivative of -h**6/120 - h**4/24 - 7*h**3/6 - h**2. Suppose 0 = 2*d - 4*d. Give f(d).
-7
Let w(u) = -u + 3. Let t be w(5). Let l(i) be the third derivative of -i**5/15 - i**4/8 - i**3/6 - 8*i**2. What is l(t)?
-11
Suppose -3*j = 2*j + 85. Let x = j + 20. Let l(r) = r**3 - 2*r**2 + 1. Calculate l(x).
10
Let g(a) = a**2 + 4*a - 6. Suppose 0 = -4*f - 3*u - 14, -2*f + 3*u - 16 = -0*f. Give g(f).
-1
Suppose 3*i + 3 = 2*y - 0*i, 10 = 5*y - 5*i. Suppose -4*c - c - 3*f = -24, -3*c - y*f = -18. Let u(k) = -5*k + 1 + 4*k + 4 - c*k. Give u(4).
-11
Let j(u) = 8*u**2 + 21 - 41 + 21. What is j(1)?
9
Let p(s) = 2*s + 2. Let q(f) = -f**2 + 10*f - 19. Let u be q(8). What is p(u)?
-4
Let t(a) = a**3 + 4*a**2 - 6*a - 6. Suppose 0 = -2*u + u + 5. Suppose -3*l + r + 14 = 0, -u*l - 2*r + 5*r = -30. Suppose -4 = -l*k - 19. Give t(k).
-1
Let d(s) = -14*s**3. Suppose -4 = 2*j + h, -3*j + j - 3*h = 0. Let l = 4 + j. Give d(l).
-14
Let g(d) = -2*d - 8. Let k be g(-6). Let a = -1 + k. Let l(i) be the third derivative of -i**5/60 + i**4/8 - 2*i**3/3 - i**2. What is l(a)?
-4
Suppose -26*o + 21*o = -15. Let q(m) = 3*m - 3. What is q(o)?
6
Let s(y) be the third derivative of -y**5/60 - y**4/8 - y**3/6 + 12*y**2. Determine s(-5).
-11
Let p(w) be the second derivative of 0 - 1/3*w**4 + 1/2*w**2 + 1/20*w**5 - 4*w - 1/6*w**3. Calculate p(4).
-3
Let i = -3 + 1. Let f = i - -8. Let w = f + -8. Let z(v) = -v**3 - v**2 + 2*v + 3. Calculate z(w).
3
Suppose -b + 2*b + 1 = 0. Let n be -2 - (1 + 0/b). Let h(c) = -6 + 11 - 4*c - 7 + c. Give h(n).
7
Let t be ((-4)/(-10))/((-2)/(-20)). Suppose -2*b = -t*b - 4. Let s(i) be the first derivative of i**2 + 3*i + 9. What is s(b)?
-1
Let d(l) = 8*l**2 - 1. Suppose -2*r - 26 = -n, 8 = n - r - 20. Let x be n/4 - 2/4. Suppose p - 4 = 2*v, -2*v - x*p + 8 = -2*p. Determine d(v).
7
Let h(b) = -2*b**2 - b - 1. Let f(z) = -z**3 - 6*z**2 - 6*z - 5. Let k(x) = -f(x) + 4*h(x). Calcula